pose y + t*q - 24 = 5, -y - 5*q + 39 = 0. Calculate the remainder when 68 is divided by y.
12
Let h = -15 + 32. Let x = 5 + 0. Suppose 8*r - x*r + 5*g = 206, 4*r + 4*g = 272. Calculate the remainder when r is divided by h.
16
Suppose 0*i = -5*i + 260. Let x = i + -36. What is the remainder when 78 is divided by x?
14
Let c be (-136)/(-10) - 2/(-5). Let m(g) = g**2 - 15*g - 21. What is the remainder when m(18) is divided by (-4)/(-14) - (-234)/c?
16
Suppose 2*z - u - 85 = 145, 5*u = -3*z + 358. Suppose -6*b + 104 = -b + 4*d, -4*b + z = -5*d. Calculate the remainder when b is divided by 13.
11
Let v = -3 - -13. What is the remainder when 34 is divided by v?
4
Suppose -14*l = -5*l - 279. What is the remainder when l is divided by 6?
1
Let t be -3 - ((3 - 1) + -35). Let p = t - 18. Calculate the remainder when 50 is divided by p + -1*(1 + -2).
11
Let u be (-18)/6 - 6/(-2). Suppose -4*n - n + 220 = 5*o, -5*n + 20 = u. Suppose -3*p + 62 = 2*v + 2*v, 2*p = 4. What is the remainder when o is divided by v?
12
Let b(s) = s + 7. Suppose -3*g = -12 - 0. What is the remainder when ((-2)/g + 2)*30 is divided by b(5)?
9
What is the remainder when 58 is divided by (0 - -1)/(((-66)/90)/(-11))?
13
Suppose 5*h - 3 = 2. Suppose 2*k - 3 = h. Let l = -10 - -15. What is the remainder when l is divided by k?
1
What is the remainder when 24 is divided by 1 - ((-32)/12)/(6/27)?
11
Let w = 8 - 6. Calculate the remainder when 8 is divided by w.
0
Let x = -2 + 7. What is the remainder when 12 is divided by x?
2
What is the remainder when 48 is divided by 46 - 20 - (1 - (1 - 1))?
23
Let p = 18 + 17. Suppose -h = o - 6, 9*o - 12*o - 9 = 0. What is the remainder when p is divided by h?
8
What is the remainder when 34 is divided by -1 + 20/15 - 112/(-6)?
15
Calculate the remainder when 95 is divided by (((-20)/15)/4)/(1/(-84)).
11
Let w be 2/3 + (-208)/(-12). Suppose 3*s + q - 29 = 0, -2*s = -4*s - 2*q + w. What is the remainder when 17 is divided by s?
7
Suppose -i = 2*t + 2*t - 59, -2*t + i = -25. What is the remainder when 22 is divided by t?
8
Suppose -6*v + 60 = -0*v. What is the remainder when v is divided by 9?
1
Let l = -37 - -65. Calculate the remainder when l is divided by 15.
13
Let q(t) = -t**3 - t + 114. Let l be q(0). Suppose 3*m = m + l. What is the remainder when m is divided by 20?
17
Suppose 87 = a - 0*f - 4*f, -2*a = -3*f - 164. Let c(g) = -4*g - 1. What is the remainder when a is divided by c(-7)?
25
Let v = -6 - -8. Suppose -v*r + 135 = 3*r. What is the remainder when r is divided by 14?
13
Let j = 20 - -3. What is the remainder when j is divided by 282/24 - (-1)/4?
11
Suppose 10 = 2*p, p = 5*r - 1 - 14. Calculate the remainder when 10 is divided by r.
2
Let s = 17 - 10. Suppose 41 = 2*j + s. Calculate the remainder when j is divided by 5.
2
Let z = 30 - 8. Let m = 39 - z. What is the remainder when 32 is divided by m?
15
Suppose 3*c - 2*c - 6 = 0. Suppose 0 = k - 3*k + c. Suppose 3*g - 4*z = 10 + 12, k*g - 18 = 3*z. What is the remainder when 3 is divided by g?
1
Let b(y) = -y**3 - 9*y**2 - 7*y + 17. Calculate the remainder when 52 is divided by b(-8).
7
Let g(s) = s - 1. Suppose 0 = 4*y - 4*t, 4*t - 3*t = -y - 8. Let z be (y/(-10))/(2/40). What is the remainder when 13 is divided by g(z)?
6
Let n = 25 + -38. Let y = 20 + n. Let m(z) = 2*z**2 + 7*z + 5. Calculate the remainder when m(-5) is divided by y.
6
Suppose 5 = -s, 0 = 5*m + s - 56 + 11. Calculate the remainder when 16 is divided by m.
6
Suppose 443 = -21*w + 1535. What is the remainder when 257 is divided by w?
49
Let c = -102 - -117. What is the remainder when 25 is divided by c?
10
Suppose 9 = -5*m + 729. Calculate the remainder when m is divided by 37.
33
Let j(y) = 3*y**2 - 2*y + 6. Let n be j(-7). Suppose -5*o + 223 = -n. What is the remainder when o is divided by 27?
24
Suppose -j + q = -1, -6 + 2 = -2*q. Suppose 4*n - 11 = 9, -4 = j*f - 2*n. What is the remainder when -4*(-1 + (-1)/(-4)) is divided by f?
1
Let h(z) = 7*z**2 - 6*z + 1. What is the remainder when h(4) is divided by 15?
14
Suppose -s - 5 = 35. Calculate the remainder when 8*(-4)/s*80 is divided by 13.
12
Suppose 5*p - 4*z = 85, -5*z + 26 + 14 = 5*p. Let a(f) = 12*f**2 + 2. What is the remainder when a(-2) is divided by p?
11
Suppose 2*f = 19 + 19. Calculate the remainder when 74 is divided by f.
17
Let y(q) = -2*q**3 - 8*q**2 - 5*q. Let m be y(-5). Let d be m/(-10)*(-4)/6. Let s(t) = 2*t**2 - 8*t + 6. Calculate the remainder when 31 is divided by s(d).
15
Let k be ((-1 + -17)/3)/(-2). Suppose k*j = 2*j + 2. Calculate the remainder when j*19*(7 + -6) is divided by 13.
12
Let n(v) = -12*v - 21. Let w = 8 - -19. What is the remainder when w is divided by n(-3)?
12
Let l(n) = n**3 - 2*n**2 - n - 2. Calculate the remainder when ((-8)/(-10))/((-6)/(-75)) is divided by l(3).
2
Suppose 2*a + 5*b = 5*a - 69, a = 3*b + 23. Suppose 4*t + 5 + 0 = -5*r, 10 = 3*r + 5*t. Let n(f) = -8*f + 4. Calculate the remainder when n(r) is divided by a.
21
Let q be 2/4*-2*-3. Suppose 3*w - 15 - 1 = 2*r, q*w - 31 = 5*r. Suppose 2*c + 28 = 2*s, 0 = 2*c + w*c - 20. Calculate the remainder when 36 is divided by s.
17
Suppose 9*u = 4*u - 40. Let h(x) = -x**3 - 6*x**2 + 12*x + 6. Calculate the remainder when h(u) is divided by 20.
18
Suppose 9*y - 220 = 4*y. Calculate the remainder when 131 is divided by y.
43
Let m = 9 + -4. Let j = 28 + -25. Suppose m*o + 19 = 5*z - j*z, z - 11 = 3*o. Calculate the remainder when z is divided by 1.
0
Let p be ((-12)/16)/((-4)/32). Let v(x) = -x**3 + 6*x**2 + x + 8. Calculate the remainder when 53 is divided by v(p).
11
Let g = -13 - -19. Let w be (-10)/5*(1 + 0). Calculate the remainder when g is divided by ((-1)/w)/((-2)/(-16)).
2
Suppose 0 = 2*s - 5 - 11. Calculate the remainder when 29 is divided by s.
5
Let j = 3 - 12. Let n(t) = t**3 + 8*t**2 - 10*t - 1. What is the remainder when 14 is divided by n(j)?
6
Let q(s) = 14*s**2 - 2*s - 1. Let p(j) = -j**3 - 6*j**2 + 8*j + 10. Let h be p(-7). Suppose h*y + 2 = y. What is the remainder when 29 is divided by q(y)?
14
Suppose 16 = -i - 0*i - 5*n, 5*n + 24 = i. Suppose i*s = s - 129. Let c = -9 - s. Calculate the remainder when c is divided by 12.
10
Let l(j) = 2*j**2 + 31*j - 8. What is the remainder when (17 + 0 + -2)*1 is divided by l(-16)?
7
Suppose 0 = -6*x + 11*x - 240. What is the remainder when x is divided by 26?
22
Let h = -5 - -7. Let g(d) = -7*d**2 - 3*d - 2. Let j(m) = -m**2 - 1. Let p(x) = -g(x) + 4*j(x). What is the remainder when 30 is divided by p(h)?
14
Let v = 1 + 32. Let d(y) = y**3 + 5*y**2 - y + 7. Let m be d(-5). Suppose 0 = 2*h - h - m. Calculate the remainder when v is divided by h.
9
Suppose 2*c - 17 = 7. Calculate the remainder when (4/c)/((-2)/(-12)) is divided by 1.
0
Let w = -6 + 12. Suppose 2*m - 2 = w. Calculate the remainder when 20 is divided by (1 + 10/m)*2.
6
Suppose 4*j - 19 = -3*o - 0*j, -1 = -o + 4*j. Suppose o*g - 10*g + 35 = 0. What is the remainder when 11 is divided by g?
4
Calculate the remainder when 1/6 + (-298)/(-12) is divided by 14.
11
Suppose 4 - 12 = -2*f. What is the remainder when 7 is divided by f?
3
Let b = 27 + -8. Let t = 0 - -10. What is the remainder when b is divided by -1 + t + (1 - 0)?
9
Suppose f - 4*f = -18. Let s(p) = 2*p + 8. Let q be s(f). Let w = q + -3. What is the remainder when 33 is divided by w?
16
Let l = -47 - -69. Let d = l + -16. What is the remainder when d is divided by 4?
2
Let q(w) be the second derivative of -1/12*w**4 - 1/6*w**3 - 2*w**2 + 0 + 1/20*w**5 - w. What is the remainder when q(4) is divided by 21?
19
Let v = -38 - -126. Let u = v - 21. Calculate the remainder when u is divided by 17.
16
Let v(r) = r**2 - 9*r - 2. Suppose -u - 4*u = -150. What is the remainder when u is divided by v(10)?
6
Calculate the remainder when 37 is divided by (-15)/(5/(-5) - 0).
7
Let o = 0 - -2. Suppose 0 = m - o. Suppose -4*z + 100 = m*h - 5*h, 0 = 2*z + 2*h - 36. What is the remainder when z is divided by 8?
6
Let w(b) be the third derivative of 25*b**4/24 + 8*b**2. Suppose 4*i - 4 = -0*i. Calculate the remainder when w(i) is divided by 14.
11
Let k = -8 + 9. Calculate the remainder when 76 is divided by (26 - -4) + (-3 - k).
24
Let f = 22 - -5. Calculate the remainder when 18 is divided by (-88)/(-9) -